1298
In base 5, what is 43 - 2122114?
-2122021
In base 8, what is -3 + -2710044035?
-2710044040
In base 6, what is 5201422214 + -3?
5201422211
In base 15, what is -28d32 + -719?
-2954b
In base 11, what is -742534 + -4?
-742538
In base 9, what is -3845013 + 22?
-3844881
In base 15, what is -e86 + -ca5?
-1c3b
In base 9, what is -4 + -13358186?
-13358201
In base 9, what is 4 - -17603822?
17603826
In base 4, what is -23011321 - 10010031?
-33022012
In base 3, what is -202 - -100020120101122?
100020120100220
In base 2, what is -1 - 111100100001001?
-111100100001010
In base 16, what is -87c - 25fa?
-2e76
In base 12, what is 16 + 81424b?
814265
In base 12, what is -21 - -387463?
387442
In base 15, what is -118863c1 - 3?
-118863c4
In base 16, what is -2a74 + 53e1?
296d
In base 8, what is 26306256 - 4?
26306252
In base 13, what is 26bc36 + 26?
26bc5c
In base 11, what is -6867719 + 5?
-6867714
In base 12, what is 1040888 + 184?
1040a50
In base 7, what is 2 + -352304?
-352302
In base 16, what is 9 + -1f6b2c5?
-1f6b2bc
In base 2, what is 10000100001001110111 + 110000?
10000100001010100111
In base 11, what is -488982a - 11?
-4889840
In base 16, what is -7f0 + -fe0?
-17d0
In base 4, what is 101313 + -20133033?
-20031120
In base 3, what is -11110 + 100220122101?
100220110221
In base 6, what is 3023 + 1233?
4300
In base 6, what is -11322340 + -1442?
-11324222
In base 9, what is 34772746 - 25?
34772721
In base 6, what is -30344 + -3433250?
-3504034
In base 4, what is 230033012 - 322?
230032030
In base 3, what is 12 - 1100100220110100?
-1100100220110011
In base 11, what is -63 - -66275a0?
6627538
In base 15, what is 3a2ea4 + 4?
3a2ea8
In base 16, what is 23f - -695b?
6b9a
In base 15, what is 1b + 2bbd05?
2bbd21
In base 6, what is -21 - -135213013?
135212552
In base 8, what is -6406271467 - 1?
-6406271470
In base 3, what is -1212021201110 + 22?
-1212021201011
In base 14, what is 1848 + 1b9d?
3607
In base 8, what is 4147 + -2746?
1201
In base 4, what is 11231031001 - -23?
11231031030
In base 5, what is 4020123 - -3340?
4024013
In base 10, what is 266893 - 1?
266892
In base 3, what is 102112110 + 100102?
102212212
In base 9, what is -2 - -165630521?
165630518
In base 12, what is 594 + 630460?
630a34
In base 2, what is 110100010011100 - -100100101?
110100111000001
In base 16, what is -1727e - e3?
-17361
In base 11, what is -10424a81 + 15?
-10424a67
In base 14, what is 159579c7 - -3?
159579ca
In base 8, what is -5 + -155653032?
-155653037
In base 12, what is -356 + 188a3?
18549
In base 8, what is -25 - 11733551?
-11733576
In base 12, what is -bb3 - -17a2?
7ab
In base 3, what is -12112210121002 - 1102?
-12112210122111
In base 2, what is -10001011011 - 10011001101011010?
-10011011110110101
In base 3, what is -1002111221 + 202001?
-1001202220
In base 11, what is 12a0849 - 5?
12a0844
In base 13, what is 10 + 1c2b3?
1c2c3
In base 6, what is -32054 + 32?
-32022
In base 7, what is 0 + 1456001534?
1456001534
In base 4, what is -20 - -3231231022?
3231231002
In base 10, what is 271817880 - -1?
271817881
In base 14, what is 1cba64b + -2?
1cba649
In base 13, what is -49 - 3cbb51?
-3cbb9a
In base 2, what is -11001010000 + 1100000001101010100?
1011111110100000100
In base 5, what is 1040 - -11201141?
11202231
In base 4, what is 120202203233 + -102?
120202203131
In base 5, what is 1 - 113222114342?
-113222114341
In base 11, what is -258411aa + 5?
-258411a5
In base 5, what is 41341 + -14224?
22112
In base 12, what is 2aaa + 28b48?
2ba36
In base 14, what is -c0c + -2ab8?
-38c6
In base 10, what is -2 + -3442854?
-3442856
In base 4, what is 13130 + -2020232?
-2001102
In base 12, what is -96496 + 5?
-96491
In base 10, what is -2307 + 77186?
74879
In base 5, what is 4132441432 - 2?
4132441430
In base 15, what is -200 + b3da?
b1da
In base 12, what is -17 - -92a728?
92a711
In base 2, what is 10100 - 10111100000001010101?
-10111100000001000001
In base 4, what is -232023 - 132130?
-1030213
In base 7, what is -2165565 + -455?
-2166353
In base 11, what is -24 - a4800?
-a4824
In base 16, what is -af5 + 50d0?
45db
In base 13, what is 4b3668 + -a?
4b365b
In base 2, what is 1100100111011011011001 + 10?
1100100111011011011011
In base 3, what is -112 - -11201200110?
11201122221
In base 11, what is 33032a + -295?
330045
In base 8, what is 5 - -64311544?
64311551
In base 2, what is -10010000111111000110 + -1000011?
-10010001000000001001
In base 9, what is -780344 + -71?
-780425
In base 3, what is -220221111012201 + 12?
-220221111012112
In base 16, what is -43 - -24f51?
24f0e
In base 13, what is 78392 - 14b?
78244
In base 3, what is 2020121212 + -10002?
2020111210
In base 5, what is 2312 + -213124?
-210312
In base 11, what is a09185 - 4?
a09181
In base 5, what is -303113324 + -113?
-303113442
In base 7, what is 354450 - 3?
354444
In base 6, what is 3404505542 + 0?
3404505542
In base 7, what is -13205 + -52646?
-66154
In base 13, what is -21b + 328b?
3070
In base 16, what is -f9 + b9ab?
b8b2
In base 2, what is -11101000001000000100011101011 - -1?
-11101000001000000100011101010
In base 6, what is -313234234 + 11?
-313234223
In base 7, what is -440231 + -1636?
-442200
In base 9, what is 10 - 384050264?
-384050254
In base 6, what is 21320000 + -414?
21315142
In base 12, what is -1856b - -9?
-18562
In base 9, what is 14117276 + 2?
14117278
In base 9, what is 4 + -327811835?
-327811831
In base 12, what is 131 + -104b49?
-104a18
In base 14, what is -46c00 + 68?
-46b76
In base 15, what is -1a09360 + -5?
-1a09365
In base 11, what is a0012 + 989?
a09a0
In base 12, what is 3 - 951823?
-951820
In base 13, what is -10c6667 - -4?
-10c6663
In base 3, what is -12022110111 - 2212120?
-12102100001
In base 15, what is 5b1b8 - -a?
5b1c3
In base 8, what is -1606602560 - 5?
-1606602565
In base 3, what is -21000021021 + -12002002?
-21012100100
In base 7, what is 65 - 33110611?
-33110513
In base 2, what is 10100001111110010101101111011 - 101?
10100001111110010101101110110
In base 3, what is 10021 + -211221212002?
-211221201211
In base 12, what is 113 - -45685?
45798
In base 6, what is -232 - 104405530?
-104410202
In base 13, what is a70 - -2c7?
1067
In base 3, what is -1 - -21210221101222?
21210221101221
In base 7, what is 3 + -561416350?
-561416344
In base 11, what is -1331009 + 3?
-1331006
In base 13, what is 71a19a + a4?
71a271
In base 10, what is -10860 - -9907?
-953
In base 7, what is -143 + -122400240?
-122400413
In base 7, what is 66 + 126633442?
126633541
In base 7, what is -3324 + -261520?
-265144
In base 16, what is 3 - 36c65ce?
-36c65cb
In base 13, what is -a73 + -31392?
-32135
In base 9, what is 434051 - -72?
434133
In base 13, what is -4501 + -b?
-450c
In base 10, what is -191910635 + 3?
-191910632
In base 13, what is -8946 - -1428?
-751b
In base 7, what is -1 + 1423353?
1423352
In base 4, what is 1120032 + -32021?
1022011
In base 8, what is -1406 - 1124453?
-1126061
In base 6, what is 54 + -4423214?
-4423120
In base 4, what is 12012121332 + 13322?
12012201320
In base 9, what is 62 - -12685434?
12685506
In base 5, what is 221 + -103212234?
-103212013
In base 10, what is -425 + -832675?
-833100
In base 3, what is -10002022011212100 + -210?
-10002022011220010
In base 13, what is 85 + -3787a?
-377c5
In base 13, what is -25616 + -1b5?
-257cb
In base 14, what is -3a + -94673?
-946ad
In base 9, what is 600308 - -10?
600318
In base 13, what is -22c9c0993 - 0?
-22c9c0993
In base 3, what is -1102220 + 12111100?
11001110
In base 15, what is -47b5e95 - 1?
-47b5e96
In base 5, what is 3 - -442300443?
442301001
In base 3, what is 202012021 + 11121121?
220210212
In base 10, what is -508858 - -7?
-508851
In base 3, what is 1122212120212112 - 0?
1122212120212112
In base 3, what is 221212102022021 + -2?
221212102022012
In base 10, what is 3 - 434696?
-434693
In base 3, what is -202212021 + 112101122?
-20110122
In base 14, what is 3 - -acc6423?
acc6426
In base 6, what is 25 + 15201001?
15201030
In base 5, what is -21014022 + 3?
-21014014
In base 12, what is -21a6892 - -b?
-21a6883
In base 3, what is 12210 + 21211?
111121
In base 15, what is -118 - -278d99?
278c81
In base 8, what is -71 + -245136?
-245227
In base 15, what is 591 + -1930d?
-18c6c
In base 16, what is -2fff3 + cb?
-2ff28
In base 7, what is 41241 - -103?
41344
In ba